35 a multiple of 5?
True
Is 13 a factor of 35873?
False
Is 6 a factor of 943?
False
Does 30 divide 390?
True
Is 4410 a multiple of 3?
True
Is 15 a factor of 225?
True
Is 74 a factor of 28564?
True
Is 2 a factor of 25811?
False
Is 2 a factor of 238?
True
Does 26 divide 3988?
False
Is 4 a factor of 28996?
True
Does 51 divide 47931?
False
Does 19 divide 4636?
True
Does 20 divide 68200?
True
Is 3 a factor of 78?
True
Is 543 a multiple of 17?
False
Does 19 divide 2234?
False
Is 54 a factor of 1728?
True
Is 8 a factor of 65?
False
Is 7916 a multiple of 11?
False
Is 8 a factor of 1964?
False
Is 5653 a multiple of 78?
False
Is 528 a multiple of 6?
True
Does 11 divide 2752?
False
Is 2136 a multiple of 178?
True
Is 46 a factor of 2871?
False
Is 50 a factor of 1000?
True
Is 11 a factor of 1859?
True
Is 1511 a multiple of 12?
False
Is 12 a factor of 162?
False
Is 2185 a multiple of 19?
True
Is 55273 a multiple of 17?
False
Is 14643 a multiple of 28?
False
Does 31 divide 7136?
False
Does 52 divide 5356?
True
Does 13 divide 59852?
True
Is 13 a factor of 2262?
True
Does 17 divide 101?
False
Is 4 a factor of 850?
False
Is 379 a multiple of 13?
False
Is 2050 a multiple of 75?
False
Is 61 a factor of 3416?
True
Is 6 a factor of 12471?
False
Is 36 a factor of 6618?
False
Does 2 divide 53?
False
Is 62 a factor of 2542?
True
Is 3861 a multiple of 9?
True
Does 3 divide 47541?
True
Does 63 divide 2093?
False
Is 388 a multiple of 6?
False
Is 135 a factor of 5670?
True
Does 19 divide 9595?
True
Does 3 divide 1733?
False
Is 179 a factor of 10203?
True
Does 8 divide 88?
True
Is 58764 a multiple of 26?
False
Is 18156 a multiple of 4?
True
Is 370 a multiple of 10?
True
Does 8 divide 620?
False
Is 16426 a multiple of 86?
True
Is 55 a factor of 38665?
True
Does 216 divide 24245?
False
Is 110 a factor of 8800?
True
Does 3 divide 357?
True
Is 367 a factor of 128409?
False
Is 89735 a multiple of 14?
False
Is 59 a factor of 3422?
True
Is 12805 a multiple of 7?
False
Is 6615 a multiple of 20?
False
Is 44 a factor of 4443?
False
Is 1050 a multiple of 10?
True
Does 26 divide 4869?
False
Does 10 divide 30?
True
Is 12 a factor of 6012?
True
Is 2644 a multiple of 22?
False
Is 19 a factor of 30745?
False
Does 8 divide 424?
True
Is 732 a multiple of 24?
False
Is 14 a factor of 12460?
True
Does 16 divide 720?
True
Is 6 a factor of 8550?
True
Is 6 a factor of 6608?
False
Is 10 a factor of 550?
True
Is 3 a factor of 188?
False
Does 79 divide 1501?
True
Does 30 divide 1410?
True
Is 38752 a multiple of 8?
True
Is 18 a factor of 1008?
True
Is 71 a factor of 1136?
True
Does 61 divide 1098?
True
Is 12 a factor of 73?
False
Is 8 a factor of 216?
True
Is 21 a factor of 491?
False
Is 2033 a multiple of 19?
True
Does 5 divide 1275?
True
Is 20 a factor of 820?
True
Is 87 a factor of 1914?
True
Is 48545 a multiple of 28?
False
Is 11115 a multiple of 13?
True
Does 109 divide 3379?
True
Does 67 divide 1005?
True
Is 48 a factor of 15120?
True
Is 2316 a multiple of 12?
True
Does 50 divide 2055?
False
Is 36183 a multiple of 21?
True
Is 21 a factor of 72545?
False
Is 6 a factor of 2322?
True
Does 76 divide 278?
False
Does 7 divide 8176?
True
Does 32 divide 268?
False
Is 3 a factor of 16718?
False
Is 11 a factor of 4330?
False
Is 57 a factor of 12255?
True
Is 131 a multiple of 13?
False
Is 4140 a multiple of 10?
True
Is 217 a multiple of 15?
False
Is 300 a multiple of 13?
False
Is 277 a multiple of 2?
False
Is 43 a factor of 473?
True
Does 17 divide 65386?
False
Is 26150 a multiple of 31?
False
Is 21 a factor of 1428?
True
Is 24 a factor of 39404?
False
Is 46 a factor of 9444?
False
Does 18 divide 1674?
True
Is 59 a factor of 408?
False
Is 43 a factor of 5543?
False
Is 9 a factor of 101?
False
Is 3554 a multiple of 25?
False
Does 13 divide 42049?
False
Is 196 a factor of 4254?
False
Is 2 a factor of 187?
False
Is 8 a factor of 32?
True
Is 15 a factor of 60?
True
Does 371 divide 44101?
False
Is 4 a factor of 33748?
True
Is 2388 a multiple of 4?
True
Is 19998 a multiple of 9?
True
Does 15 divide 1350?
True
Is 1190 a multiple of 70?
True
Is 15 a factor of 31754?
False
Is 11 a factor of 3273?
False
Is 6 a factor of 2262?
True
Does 22 divide 246?
False
Is 1876 a multiple of 3?
False
Is 5864 a multiple of 10?
False
Is 60368 a multiple of 85?
False
Is 2880 a multiple of 60?
True
Does 187 divide 24938?
False
Is 946 a multiple of 86?
True
Does 25 divide 25?
True
Does 31 divide 6634?
True
Does 2 divide 4828?
True
Is 10 a factor of 31750?
True
Does 30 divide 1058?
False
Is 2356 a multiple of 62?
True
Is 13217 a multiple of 11?
False
Is 1123 a multiple of 47?
False
Does 19 divide 923?
False
Does 5 divide 167?
False
Is 360 a multiple of 8?
True
Is 29 a factor of 2871?
True
Is 10 a factor of 52374?
False
Is 14796 a multiple of 274?
True
Does 16 divide 25587?
False
Is 16 a factor of 1054?
False
Is 103 a factor of 20965?
False
Does 11 divide 10788?
False
Is 8 a factor of 22420?
False
Is 1050 a multiple of 21?
True
Is 6950 a multiple of 10?
True
Is 524 a multiple of 6?
False
Is 16 a factor of 1120?
True
Is 8 a factor of 8120?
True
Does 15 divide 1875?
True
Is 36 a factor of 57852?
True
Is 2054 a multiple of 79?
True
Is 8456 a multiple of 151?
True
Is 8056 a multiple of 76?
True
Is 93 a factor of 186?
True
Is 657 a multiple of 18?
False
Does 13 divide 17813?
False
Does 189 divide 14858?
False
Does 41 divide 2378?
True
Is 97 a factor of 4138?
False
Is 6031 a multiple of 37?
True
Is 25 a factor of 65350?
True
Is 6 a factor of 12399?
False
Does 12 divide 5076?
True
Is 2160 a multiple of 36?
True
Does 14 divide 668?
False
Is 1980 a multiple of 71?
False
Is 19 a factor of 57955?
False
Is 2848 a multiple of 29?
False
Does 38 divide 1520?
True
Is 5 a factor of 906?
False
Is 80423 a multiple of 57?
False
Is 23 a factor of 1081?
True
Is 1327 a multiple of 76?
False
Is 13 a factor of 86161?
False
Does 4 divide 572?
True
Does 35 divide 1973?
False
Is 6 a factor of 589?
False
Is 12166 a multiple of 154?
True
Is 15 a factor of 11327?
False
Is 6598 a multiple of 70?
False
Does 8 divide 224?
True
Is 21903 a multiple of 149?
True
Does 113 divide 6002?
False
Does 3 divide 42?
True
Is 73064 a multiple of 30?
False
Is 10 a factor of 30?
True
Is 11 a factor of 77?
True
Is 72 a multiple of 18?
True
Does 11 divide 534?
False
Is 4662 a multiple of 37?
True
Is 23 a factor of 49799?
False
Is 31 a factor of 6867?
False
Does 201 divide 1430?
False
Is 15498 a multiple of 27?
True
Does 7 divide 4145?
False
Is 10 a factor of 3954?
False
Does 43 divide 678?
False
Is 9 a factor of 108?
True
Is 4061 a multiple of 31?
True
Does 50 divide 76837?
False
Is 16 a factor of 1920?
True
Is 12 a factor of 1578?
False
Does 34 divide 111860?
True
Does 55 divide 29971?
False
Is 26 a factor of 1300?
True
Is 30 a factor of 510?
True
Is 102584 a multiple of 12?
False
Is 2884 a multiple of 2?
True
Is 6 a factor of 12020?
False
Is 19 a factor of 1292?
True
Is 2919 a multiple of 3?
True
Is 31 a factor of 1829?
True
Is 247 a factor of 34333?
True
Is 24 a multiple of 3?
True
Is 27 a factor of 6264?
True
Is 10 a factor of 13080?
True
Is 14847 a multiple of 147?
True
Is 179 a multiple of 22?
False
Is 96 a multiple of 5?
False
Is 364 a multiple of 10?
False
Does 3 divide 165?
True
Is 4687 a multiple of 43?
True
Is 322 a factor of 123004?
True
Does 10 divide 1550?
True
Does 20 divide 300?
True
Is 56 a factor of 392?
True
Is 14 a factor of 4655?
False
Does 114 divide 14637?
False
Does 4 divide 316?
True
Is 581 a multiple of 180?
False
Does 29 divide 276?
False
Does 48 divide 484?
False
Does 49 divide 441?
True
Is 23025 a multiple of 307?
True
Does 5 divide 539?
False
Is 8832 a multiple of 138?
True
Is 11 a factor of 11847?
True
Is 265 a factor of 46110?
True
Is 3364 a multiple of 29?
True
Is 2 a factor of 26?
True
Does 9 divide 998?
False
Is 8645 a multiple of 133?
True
Is 2520 a multiple of 36?
True
Does 18 divide 40572?
True
Is 1073 a multiple of 34?
False
Is 76 a factor of 2280?
True
Does 76 divide 5686?
False
Does 9 divide 869?
False
Is 3225 a multiple of 39?
False
Is 230 a factor of 51750?
True
Does 9 divide 517?
False
Is 53 even?
False
Is 20100 a multiple of 335?
True
Is 1080 a multiple of 38?
False
Is 43 a factor of 8084?
True
Is 157 a multiple of 3?
False
Is 29 a facto